(k) = k**2 - 6055*k + 781740. Give l(132).
-96
Let s(t) = -2*t**3 - 7*t**2 - 14*t - 44. What is s(-6)?
220
Let q(b) = 8*b**2 + 224*b - 38. Give q(-19).
-1406
Let q(w) = -w**2 + 63*w + 18. Determine q(45).
828
Let p(c) = 805*c**2 - 10476*c + 171. Give p(13).
28
Let b(r) = -163*r**2 - 63*r - 16. Give b(-3).
-1294
Let z(x) = 697*x - 248126. Determine z(356).
6
Let d(j) = -78*j**2 + 282*j - 562. Calculate d(2).
-310
Let c(l) = 5183*l + 14540. Give c(-3).
-1009
Let l(j) = -j**3 - 74*j**2 + 69*j + 197. Determine l(-75).
647
Let c(p) = -119*p - 5759. What is c(-48)?
-47
Let f(m) = -9971*m + 3549686. Calculate f(356).
10
Let u(q) = 6902*q + 157313. Determine u(-23).
-1433
Let t(j) = -70647*j - 777012. Determine t(-11).
105
Let l(j) = 765*j - 12952. What is l(17)?
53
Let t(x) = 3*x**2 + 4325*x - 12993. Calculate t(3).
9
Let q(w) = 10438*w - 1461318. Give q(140).
2
Let s(o) = 3197*o - 143539. Calculate s(45).
326
Let k(b) = -11048*b - 541364. Calculate k(-49).
-12
Let r(z) = 2311*z + 13559. What is r(-6)?
-307
Let g(l) = -6*l**3 + 197*l**2 + 461*l - 31. What is g(35)?
179
Let d(j) = j**3 + 24*j**2 + 2302*j + 58167. Calculate d(-25).
-8
Let d(h) = h**3 + 90*h**2 + 1005*h + 257. Determine d(-77).
-51
Let s(g) = 2*g**3 - 224*g**2 + 437*g + 308. Give s(110).
-22
Let o(n) = n**2 + 72*n + 707. Calculate o(-34).
-585
Let j(d) = 280*d + 4262. Determine j(-13).
622
Let j(c) = 4*c**3 + 25*c**2 - 102*c - 374. Give j(-8).
-6
Let z(a) = 191*a + 4565. What is z(-28)?
-783
Let x(z) = 8*z**2 + 82*z - 907. Give x(14).
1809
Let y(p) = -3475*p + 340608. Give y(98).
58
Let l(o) = 5*o**2 - 598*o + 958. What is l(118)?
14
Let l(k) = k**3 - 12*k**2 - 79*k - 67. Calculate l(17).
35
Let m(g) = -1327*g + 34483. Determine m(26).
-19
Let a(i) = -1395*i + 55462. Determine a(40).
-338
Let y(u) = -26122*u - 522446. Calculate y(-20).
-6
Let s(k) = k**2 - 468*k + 28426. What is s(73)?
-409
Let w(h) = -10072*h - 805765. Give w(-80).
-5
Let r(m) = -m**3 + 31*m**2 - 78270*m + 234553. What is r(3)?
-5
Let p(b) = 220*b**3 - 4*b**2 + 361*b - 358. What is p(1)?
219
Let d(a) = a**3 + 12*a**2 + 19*a - 158. Give d(5).
362
Let d(t) = -138640*t - 970474. Determine d(-7).
6
Let m(u) = u**2 - 3505*u - 1027328. Give m(-272).
16
Let j(a) = -549*a**2 - 57103*a - 717. What is j(-104)?
11
Let r(j) = -14*j**3 + 28*j**2 - 4*j - 105. Calculate r(4).
-569
Let m(u) = u**2 - 109*u - 72. Calculate m(-7).
740
Let u(c) = -77*c**2 - 148*c + 103. Calculate u(-3).
-146
Let a(r) = -21*r**2 - 1098*r - 1082. Determine a(-1).
-5
Let m(u) = -5*u**3 - 4057*u**2 + 2480*u + 35698. Give m(-812).
-30
Let m(p) = p**3 + 109*p**2 - 132*p - 2404. Determine m(-110).
16
Let b(y) = -45*y + 550. Calculate b(13).
-35
Let z(c) = 6*c**2 + 1563*c - 124607. What is z(64)?
1
Let j(l) = 8*l**3 - 17*l**2 - 175*l + 191. Give j(1).
7
Let q(s) = 4*s**2 + 368*s - 7099. Determine q(19).
1337
Let d(p) = -60*p**2 - 846*p + 40. What is d(-14)?
124
Let z(p) = 2*p**3 + 2104*p**2 - 755*p - 794273. Calculate z(-1052).
-13
Let h(u) = 10*u**2 + 3655*u + 28577. What is h(-8)?
-23
Let s(y) = 8936*y + 53910. Determine s(-6).
294
Let y(s) = s**3 - s**2 - 396*s + 2466. What is y(7)?
-12
Let o(m) = 24*m - 1470. Determine o(6).
-1326
Let h(z) = -70*z**2 + 3864*z - 199. What is h(55)?
571
Let j(p) = -2*p**3 + 290*p**2 - 282*p - 491. Determine j(144).
373
Let x(f) = 814*f + 232027. Give x(-285).
37
Let p(z) = -2*z**3 + 70*z**2 + 712*z - 1048. Give p(43).
-16
Let j(g) = g**3 + 75*g**2 - 401*g - 1209. Determine j(-80).
-1129
Let o(m) = m**2 - 13866*m - 69356. Give o(-5).
-1
Let c(f) = 133588*f + 534355. Calculate c(-4).
3
Let r(u) = 85*u**2 - 1979*u + 533. Determine r(23).
-19
Let o(i) = -6*i**2 - 440*i + 4401. Calculate o(10).
-599
Let j(v) = 18*v**2 - 4992*v + 507. Give j(277).
-1155
Let r(w) = -160*w - 6785. Give r(-42).
-65
Let i(p) = 39996*p - 1439729. Give i(36).
127
Let m(z) = -z**2 - 11485*z - 68930. Give m(-6).
-56
Let o(w) = w**3 - 21*w**2 - 2*w - 2162. Calculate o(26).
1166
Let d(n) = 22*n**3 + 1033*n**2 + 17*n + 3001. Give d(-47).
-7
Let j(v) = -4*v**2 + 170*v + 3056. Calculate j(-14).
-108
Let j(p) = -p**3 - 6935*p**2 + 34703*p + 32. Give j(5).
47
Let b(n) = 996*n + 306766. Determine b(-308).
-2
Let w(r) = 61*r**3 - 173*r**2 - 8*r + 40. Give w(3).
106
Let s(j) = -4*j**3 - 171*j**2 - 119*j - 11. Determine s(-42).
-305
Let j(f) = -f**3 + 138*f**2 + 426*f - 276. Calculate j(141).
147
Let p(u) = u**3 - 21*u**2 + 77*u + 24. Determine p(12).
-348
Let i(u) = -8*u**2 - 1566*u - 25630. Determine i(-18).
-34
Let r(f) = -f**3 + 42*f**2 - 454*f + 16. What is r(18)?
-380
Let t(f) = f**3 - 18*f**2 + 225*f - 812. What is t(10)?
638
Let a(q) = 124*q**2 - 16371*q - 147. Determine a(132).
-543
Let v(y) = 3*y**2 - 311*y + 6025. Calculate v(77).
-135
Let m(w) = -178*w + 24547. Calculate m(138).
-17
Let d(q) = -485645*q + 1942575. Calculate d(4).
-5
Let w(m) = m**3 + 188*m**2 - 5040*m - 238. Determine w(24).
914
Let j(x) = x**3 - 59*x**2 - 148*x + 26146. What is j(26)?
-10
Let t(m) = -15718*m + 943066. Determine t(60).
-14
Let y(c) = -c**2 - 14665*c - 1210299. Calculate y(-83).
7
Let y(o) = -141*o - 483. Calculate y(13).
-2316
Let i(v) = -5244*v - 550617. Determine i(-105).
3
Let o(j) = 2*j**2 + 43*j + 486. Determine o(-46).
2740
Let y(s) = -217*s**3 + 16*s**2 + 99*s - 114. Calculate y(1).
-216
Let a(s) = s**3 + 501*s**2 + 3493*s + 258882. Determine a(-495).
-3
Let c(p) = -95067*p + 3707622. What is c(39)?
9
Let f(i) = -i**3 - 137*i**2 - 266*i - 79. Calculate f(-135).
-619
Let z(r) = -33*r**2 + 3996*r - 367. What is z(121)?
-4
Let g(u) = u**2 + 244*u + 4270. Give g(-19).
-5
Let y(s) = -s**3 + 115*s**2 + 122*s + 13129. Give y(117).
25
Let j(c) = -242296*c + 20110568. Give j(83).
0
Let w(g) = 6903*g - 138212. Calculate w(20).
-152
Let t(f) = f**3 + 12*f**2 + 28*f + 82. Determine t(-5).
117
Let m(z) = -2*z**3 + 17*z**2 + 142*z - 983. Determine m(6).
49
Let t(h) = 1671*h - 23421. Give t(14).
-27
Let z(i) = 3*i**3 + 52*i**2 + 21*i + 368. Give z(-18).
-658
Let g(b) = -619*b + 20015. Determine g(32).
207
Let t(s) = 998*s**3 - 6*s**2 - 48*s + 44. Determine t(1).
988
Let a(k) = 6*k**3 + 63*k**2 + 222*k + 54. What is a(-4)?
-210
Let o(s) = -794*s**2 + 313*s + 1. What is o(1)?
-480
Let k(c) = -c**3 + 10*c**2 + 173*c - 55. Determine k(-11).
583
Let a(x) = 38520*x - 60091198. Give a(1560).
2
Let s(t) = 2*t**3 + 188*t**2 + 389*t + 1886. Calculate s(-92).
-46
Let f(h) = -h**3 - 498*h**2 + 15830*h - 5217. Give f(-528).
63
Let r(a) = a**3 + 90*a**2 - 380*a + 268. What is r(-94)?
644
Let b(s) = 94*s**3 - 11*s + 22. What is b(2)?
752
Let c(w) = 2*w**2 - 2922*w + 284774. Calculate c(105).
14
Let a(m) = m**2 + 38*m - 8058. Give a(-110).
-138
Let j(y) = -6165*y - 2102261. Determine j(-341).
4
Let y(d) = 970*d + 1636. Give y(5).
6486
Let k(c) = -2741*c + 43909. Determine k(16).
53
Let a(k) = -k**3 - 23*k**2 + 518*k + 5889. Give a(-9).
93
Let p(f) = -f**3 + 149*f**2 + 251*f - 37453. Calculate p(149).
-54
Let k(u) = 214*u - 39073. Calculate k(183).
89
Let o(n) = 3*n**2 - 229*n + 2002. Calculate o(66).
-44
Let d(i) = -10*i**2 - 6119*i - 112090. Calculate d(-593).
-13
Let t(f) = f**3 - 84*f**2 - 593*f - 28. Calculate t(-7).
-336
Let f(s) = 73721*s - 2875047. Give f(39).
72
Let z(x) = -11*x**3 - 148*x**2 - 544*x - 309. Determine z(-6).
3
Let u(i) = i**3 + 5875*i**2 + 18*i + 20. Calculate u(0).
20
Let y(x) = 2*x**2 + 3592*x + 326405. Determine y(-96).
5
Let h(u) = -591*u + 4361. Give h(8).
-367
Let l(x) = -8562*x - 94277. Calculate l(-11).
-95
Let w(p) = -6996*p - 1636877. Give w(-234).
187
Let k(a) = a**2 + 88*a + 412. Calculate k(-80).
-228
Let c(w) = -8*w**3 - 372*w**2 + 5093*w - 369. Give c(11).
-6
Let z(w) = -33418*w + 133672. Calculate z(4).
0
Let g(n) = 3000*n**2 - 1278001*n + 435. What is g(426)?
9
Let a(f) = f**3 - 203*f**2 - 418*f + 1359. Determine a(205).
-281
Let a(f) = -720*f + 23729. What is a(33)?
-31
Let r(a) = -19*a**3 - 7*a**2 + 3225*a - 3219. What is r(1)?
-20
Let u(c) = 229*c + 4164. Calculate u(-18).
42
Let t(a) = 4*a**3 + 200*a**2 - 255*a - 2579. Calculate t(-51).
22
Let d(i) = -i**2 + 814*i + 96519. Calculate d(-105).
24
Let s(d) = -2*d**2 + 749*d + 1917. Calculate s(377).
32
Let x(v) = -4*v**3 + 289*v**2 - 340*v + 57. Calculate x(1).
2
Let i(u) = -198978*u + 1591823. What i